 tens digit of o?
2
Suppose -5*a + 1 + 4 = -5*h, 3*h = -3*a + 15. Suppose g = m - 4, m - 5 = -a*g + 3. Suppose -m*f + 17 = -b, -f + 14 = -5*b + 49. What is the units digit of b?
8
Suppose -g = -1 - 2. Suppose -5*h = -3*k + 50 + 4, 0 = -k - g*h + 18. Suppose 2*v + 8 = k. What is the units digit of v?
5
Let w = -53 - -74. What is the tens digit of 4/(w/15 - 1)?
1
Suppose 5*d + 2*j = -150, 0*d - d - 30 = 2*j. Let b be (-36)/d*20/6. Suppose -u - p + b - 6 = 0, 5*p = -2*u - 19. What is the units digit of u?
3
Let x(d) = d - 5. Let s(g) = g**3 - 3*g**2 - 4*g + 4. Let k be s(4). Let w be x(k). Let q = 12 + w. What is the units digit of q?
1
Let t = -20 + 46. What is the units digit of t?
6
Let n = -14 + 6. Let f(k) = k**2 + 7*k + 5. What is the units digit of f(n)?
3
Suppose -4*n = -0*y + 4*y - 1016, 3*n + 12 = 0. What is the hundreds digit of y?
2
Let v(q) = -q - 4. Let s be v(-5). Let b(f) = -3*f**2 + 2*f - 1. Let u be b(s). Let z = 0 - u. What is the units digit of z?
2
Suppose 2*c + t = -7, -10 = -c - 4*t + 4. Let r be (6/(-4))/((-3)/c). Let x = r + 4. What is the units digit of x?
1
Let v be (-29)/(-7) - (-5)/(-35). Suppose 0*d = 4*d + r - 26, v*d - 18 = 3*r. What is the units digit of d?
6
Suppose 0 = 4*z - 2*r + 1756, -z + 3*z + 4*r + 868 = 0. What is the units digit of z/(-18) + 2/(-6)?
4
Suppose 17 = 4*b + 5. Let p = 0 - -2. Suppose -2*q + j = -b*j - 40, -p*q = j - 20. What is the units digit of q?
2
Let v = 26 - 37. Let o = 6 + v. What is the units digit of o*((-22)/(-10) + -3)?
4
Let d = -1 - 2. What is the units digit of (0 + 5)/(-2 - d)?
5
Let k be -3*(-8)/(-6) - 0. Let v(j) = j**2 - j. Let f be v(k). Suppose -y - f = -3*y. What is the tens digit of y?
1
Let z(b) = b + 13. Let k be z(-8). Let t = k - 3. Let g = 2 + t. What is the units digit of g?
4
Let w be 6/(-24) - (-237)/4. Suppose 4*l = -0*l + i + w, 72 = 5*l - 3*i. What is the units digit of l?
5
Let t(v) = -v**3 - 14*v**2 - 3*v - 21. What is the tens digit of t(-14)?
2
Let i = 71 - 68. What is the units digit of i?
3
What is the tens digit of -2 - -69 - (4 + -1)?
6
Let j(q) be the first derivative of 4*q**3 - q**2 - q - 1. What is the tens digit of j(-1)?
1
Let s(p) = -p**3 + 6*p**2 + 7*p - 10. Let t be s(7). Let v = t - -14. Suppose -v*u - 2*o = u - 36, 3*u - 5*o - 3 = 0. What is the units digit of u?
6
Suppose -27 = 5*k - 2. Let p(m) = 4*m**3 - 5*m**2 - 5*m - 1. Let n(j) = -3*j**3 + 4*j**2 + 4*j. Let c(t) = k*n(t) - 4*p(t). What is the units digit of c(0)?
4
Let t(y) be the first derivative of y**4/4 + 2*y**3 + y**2/2 + 7*y + 4. What is the tens digit of t(-5)?
2
Let h(p) = p**3 - 3*p**2 + 4*p - 3. Let x be h(2). Suppose 2*b - 5 = x. What is the units digit of b?
3
Let r = -808 + 1135. What is the tens digit of r?
2
Let m = -13 + 21. Let w = -6 + m. Suppose -2*u = w*q - 0*q, -4 = u. What is the units digit of q?
4
Let a(o) = -o**3 - 11*o**2 - 10*o + 4. Let b be a(-10). Let h be b/(-10) + 44/10. Suppose 9 = h*q - 2*d - 35, 2*q + 2*d - 28 = 0. What is the units digit of q?
2
Let n(i) = 6 + 2 - 12*i + i**2 + 0*i - 2. What is the units digit of n(13)?
9
Suppose -6 = -y - 2. What is the units digit of 39/4 - (-1)/y?
0
Let j be 6*(2 + 75/9). Suppose 0 = -2*y - 4*x + j, x + 16 = y - 18. What is the tens digit of y?
3
Let i be 0 - 0 - (-6 + 2). Suppose 4*l = -i*g + 124, 2*l = -3*g - g + 124. What is the units digit of g?
1
Let n = 4 + -1. Suppose n*w - 7*w = -5*q + 99, 0 = 3*w + 3. What is the units digit of q?
9
Let x be (-31)/11 - (-6)/(-33). Let b = -2 - x. Suppose 0*n - b = n - 2*f, -16 = -4*f. What is the units digit of n?
7
Let i be (-5)/(-4) - 3/12. Suppose 4*g - i - 3 = -4*w, -3 = 3*g + w. Let c = g - -8. What is the units digit of c?
6
Suppose -7*d + 96 = -4*d. Let t = -23 + d. What is the units digit of t?
9
Let w = -6 - 3. Let l be (-40)/(-15)*w/(-2). Suppose 3*p - 6 = l. What is the units digit of p?
6
Suppose -2*i = 4*k + 10, -4*i + 11 = -k - 5. Suppose p - i*p - 6 = 0. What is the units digit of 11/3 + (-1)/p?
4
Let z = 1 - 1. Suppose 0 = 4*w + 2*d - 4, 2*w + 2 = 4*w - 2*d. What is the units digit of 16 - (w - (1 + z))?
6
Suppose 23*s + 92 = 25*s. What is the units digit of s?
6
Let s = 35 - 50. Let t = s + 23. What is the units digit of t?
8
Suppose -149 = -f - 5*v, -5*f - v = -396 - 373. What is the units digit of f?
4
Let y = -400 + 648. What is the hundreds digit of y?
2
Suppose -3*k + 20 = -k. What is the units digit of k?
0
Suppose 0 = 10*b - 8*b - 154. What is the tens digit of b?
7
Suppose 5*i + 41 = 4*v, 1 = 6*i - 3*i + 4*v. Let k = -3 - i. What is the units digit of (8 - 0) + -2 + k?
8
Let u(t) = 41*t**3 + t**2 - t + 1. Suppose 2*m - 4*z - 10 = 0, 2*m - 2 = -2*z - 4. What is the units digit of u(m)?
2
Suppose 11*j - 991 = -67. What is the units digit of j?
4
Let v(d) be the third derivative of d**4/3 - d**3/3 - 3*d**2. What is the units digit of v(3)?
2
Let x = -5 - -8. Suppose x*n = 6, 3*y = n - 3 + 1. Suppose y*k = 4*k - 4. What is the units digit of k?
1
Let f be -3 - (2 + -3) - -4. Let d be (-3)/(-2) + 1/f. Let z(i) = 3*i**2 - 3*i + 1. What is the units digit of z(d)?
7
Let h(i) = -i**3 - 4*i**2 - 3*i - 2. Let m be h(-3). Let a(f) = 5*f**2 - f. What is the tens digit of a(m)?
2
Let x(f) be the first derivative of -f**3/3 - 4*f**2 - 2*f - 1. Let v be x(-7). Suppose -v = d - 2*d. What is the units digit of d?
5
Let n = -20 - -135. What is the tens digit of n?
1
Let u be 480/9*(-45)/(-12). Suppose 0 = z + 4*z - u. Suppose -w = 4*w - z. What is the units digit of w?
8
Suppose -4*o - o = -385. What is the tens digit of o?
7
Let s = 1 + 4. Suppose s*m - 2*m = 36. What is the units digit of m?
2
Let z be ((-15)/2)/((-6)/8). Suppose 0 = -2*n - 0*n + z. Suppose -70 = -n*c - s, -c - c = -4*s - 6. What is the tens digit of c?
1
Let p be (2/3)/((-2)/(-15)). Let k be 46/((-4)/(p - 3)). Let n = k + 38. What is the tens digit of n?
1
Let z be (-4)/(-6)*(-120)/(-5). Let p be (-12)/(-15)*(z - 1). Suppose -2*q - p = -5*q. What is the units digit of q?
4
Let b = -8 + 10. Suppose 0*o - 4*o = 3*n - b, 22 = 3*n - o. What is the units digit of n?
6
Suppose 2*w + 0*w = 198. Suppose 3*i = -0*i + w. What is the units digit of i?
3
Let i = -13 - -3. Suppose 3*d - 3*v - 2 + 5 = 0, 0 = 4*d - 5*v - 1. Let x = d - i. What is the units digit of x?
4
Let s = -35 - -72. What is the units digit of s?
7
Let v be -8*3/(-6)*1. Suppose 0 = 2*i - v*i + 78. What is the units digit of i?
9
Let k(q) = q**3 + 11*q**2 + 9*q - 10. Suppose -2*n - 22 = -2. Let b be k(n). Suppose 0 = -3*i - b*i + 33. What is the units digit of i?
1
Let o(r) = r**3 - 8*r**2 + 9*r + 5. Let t be o(7). Suppose 4*b - 29 - t = 0. What is the tens digit of b?
1
Let j be 3*2*(-22)/(-6). Suppose 15 = -4*l + l, -5*l = 3*m + j. What is the units digit of m?
1
Let n(i) = i**2 + 5*i + 4. Let w be -2*3/(-6)*-5. What is the units digit of n(w)?
4
Let k be ((-54)/(-45))/(3/20). Let x = 23 - k. What is the tens digit of (-3 - x/(-6))*-26?
1
Let t = 24 - 20. Suppose 5*y + 11 = -t, -24 = -a - y. What is the units digit of a?
7
Suppose -271 - 69 = -n. What is the hundreds digit of n?
3
Suppose -4*i = -2*i + 4*o - 154, 2*i = 2*o + 142. What is the units digit of i?
3
What is the tens digit of (-4 + (-195)/(-12))*(-2 - -10)?
9
Let p = 2 - -3. Suppose -t - 9 = -0*t + p*m, -4*m - 100 = -5*t. What is the tens digit of t?
1
Let y be (-2 + (-1 - -3))*-1. Let a(r) = r**3 + r**2 + 12. What is the units digit of a(y)?
2
Let s(p) = p**2 + 7*p - 5. Let m be s(-8). Let z be (-6)/(-18) - 1/m. What is the units digit of 3/6*18 - z?
9
Let y = 99 + -52. What is the tens digit of y?
4
Let y(r) = -r + 15. Let x be y(9). Suppose 2*n = -4*k - 10, -4*k - x = 2*n - k. Suppose i = n*b, -3*i + 2*b + 6 + 15 = 0. What is the units digit of i?
9
What is the units digit of (-110)/5*2/(-4)?
1
Let d be 161/(-21) + 2/(-6). Let k = 10 + d. What is the units digit of k?
2
Let z be (-2)/8 + (-3)/4. Let b = 19 - z. What is the units digit of b?
0
Let x(q) = q**3 - 6*q**2 + 10*q - 14. Let z be x(6). Let k = z + -20. What is the tens digit of k?
2
Let n(u) = 4*u**2 - 7*u - 42. What is the units digit of n(11)?
5
Suppose r = 1 + 1. Let k(c) = -r*c - c - 2*c - 5 + 8*c. What is the tens digit of k(6)?
1
Let u = 70 + -47. Let y = -1 + 4. Let l = u - y. What is the tens digit of l